s digit of 14012?
4
What is the tens digit of 8907?
0
What is the hundreds digit of 23950?
9
What is the units digit of 811?
1
What is the thousands digit of 28985?
8
What is the units digit of 20757?
7
What is the tens digit of 81711?
1
What is the thousands digit of 4135?
4
What is the tens digit of 3585?
8
What is the units digit of 4688?
8
What is the units digit of 1957?
7
What is the units digit of 570?
0
What is the hundreds digit of 45300?
3
What is the units digit of 80683?
3
What is the tens digit of 7158?
5
What is the units digit of 15358?
8
What is the hundreds digit of 62579?
5
What is the hundreds digit of 5369?
3
What is the tens digit of 1110?
1
What is the units digit of 57513?
3
What is the units digit of 2647?
7
What is the units digit of 2496?
6
What is the units digit of 1710?
0
What is the thousands digit of 6116?
6
What is the units digit of 1748?
8
What is the tens digit of 1838?
3
What is the hundreds digit of 2734?
7
What is the units digit of 184?
4
What is the ten thousands digit of 16296?
1
What is the tens digit of 142931?
3
What is the thousands digit of 31347?
1
What is the tens digit of 61?
6
What is the ten thousands digit of 74231?
7
What is the thousands digit of 2363?
2
What is the thousands digit of 25699?
5
What is the tens digit of 40?
4
What is the tens digit of 2535?
3
What is the hundreds digit of 3537?
5
What is the thousands digit of 110072?
0
What is the ten thousands digit of 58476?
5
What is the tens digit of 1500?
0
What is the tens digit of 2442?
4
What is the hundreds digit of 23523?
5
What is the hundreds digit of 3900?
9
What is the tens digit of 1012?
1
What is the tens digit of 114?
1
What is the units digit of 46?
6
What is the units digit of 3287?
7
What is the tens digit of 1127?
2
What is the hundreds digit of 15927?
9
What is the tens digit of 39430?
3
What is the thousands digit of 44073?
4
What is the thousands digit of 13154?
3
What is the thousands digit of 6733?
6
What is the units digit of 2864?
4
What is the thousands digit of 73303?
3
What is the hundreds digit of 1600?
6
What is the tens digit of 4295?
9
What is the hundreds digit of 28458?
4
What is the units digit of 13797?
7
What is the hundreds digit of 9086?
0
What is the ten thousands digit of 80328?
8
What is the ten thousands digit of 49373?
4
What is the hundreds digit of 6527?
5
What is the tens digit of 4076?
7
What is the tens digit of 2688?
8
What is the thousands digit of 75073?
5
What is the thousands digit of 18435?
8
What is the units digit of 1921?
1
What is the ten thousands digit of 38721?
3
What is the units digit of 57?
7
What is the hundreds digit of 1976?
9
What is the units digit of 840?
0
What is the hundreds digit of 3184?
1
What is the units digit of 22959?
9
What is the thousands digit of 2267?
2
What is the hundreds digit of 5158?
1
What is the units digit of 4194?
4
What is the hundreds digit of 1664?
6
What is the units digit of 26889?
9
What is the hundreds digit of 7901?
9
What is the thousands digit of 20390?
0
What is the tens digit of 9815?
1
What is the units digit of 649?
9
What is the hundreds digit of 42528?
5
What is the hundreds digit of 1755?
7
What is the thousands digit of 115668?
5
What is the tens digit of 43958?
5
What is the thousands digit of 4793?
4
What is the hundreds digit of 10844?
8
What is the units digit of 9407?
7
What is the units digit of 1706?
6
What is the thousands digit of 4774?
4
What is the thousands digit of 4178?
4
What is the ten thousands digit of 14712?
1
What is the units digit of 36368?
8
What is the thousands digit of 27932?
7
What is the tens digit of 4057?
5
What is the units digit of 33272?
2
What is the units digit of 1787?
7
What is the thousands digit of 1658?
1
What is the thousands digit of 9737?
9
What is the tens digit of 7512?
1
What is the ten thousands digit of 17655?
1
What is the hundreds digit of 12490?
4
What is the thousands digit of 6199?
6
What is the hundreds digit of 11462?
4
What is the units digit of 128340?
0
What is the tens digit of 3270?
7
What is the tens digit of 405?
0
What is the tens digit of 865?
6
What is the units digit of 238?
8
What is the tens digit of 2559?
5
What is the ten thousands digit of 42758?
4
What is the ten thousands digit of 60852?
6
What is the tens digit of 658?
5
What is the thousands digit of 2448?
2
What is the hundreds digit of 759?
7
What is the thousands digit of 1546?
1
What is the thousands digit of 101942?
1
What is the ten thousands digit of 30609?
3
What is the tens digit of 34359?
5
What is the hundreds digit of 4229?
2
What is the thousands digit of 11015?
1
What is the hundreds digit of 7602?
6
What is the tens digit of 3215?
1
What is the units digit of 4124?
4
What is the ten thousands digit of 16646?
1
What is the tens digit of 38043?
4
What is the tens digit of 11845?
4
What is the units digit of 151604?
4
What is the tens digit of 3327?
2
What is the ten thousands digit of 45177?
4
What is the tens digit of 847?
4
What is the units digit of 931?
1
What is the units digit of 2936?
6
What is the hundreds digit of 12588?
5
What is the ten thousands digit of 26300?
2
What is the hundred thousands digit of 107542?
1
What is the hundreds digit of 441?
4
What is the units digit of 429?
9
What is the thousands digit of 1571?
1
What is the thousands digit of 85749?
5
What is the thousands digit of 1910?
1
What is the tens digit of 63?
6
What is the tens digit of 850?
5
What is the thousands digit of 7166?
7
What is the tens digit of 4234?
3
What is the units digit of 22953?
3
What is the units digit of 8095?
5
What is the units digit of 57333?
3
What is the units digit of 105988?
8
What is the hundreds digit of 352?
3
What is the hundreds digit of 1068?
0
What is the ten thousands digit of 15244?
1
What is the tens digit of 8983?
8
What is the hundreds digit of 30197?
1
What is the thousands digit of 2362?
2
What is the hundreds digit of 45989?
9
What is the thousands digit of 49735?
9
What is the tens digit of 2797?
9
What is the thousands digit of 6722?
6
What is the tens digit of 457?
5
What is the hundreds digit of 15289?
2
What is the tens digit of 1516?
1
What is the units digit of 6363?
3
What is the hundreds digit of 125293?
2
What is the ten thousands digit of 10928?
1
What is the hundred thousands digit of 103885?
1
What is the ten thousands digit of 30250?
3
What is the thousands digit of 53722?
3
What is the units digit of 23615?
5
What is the thousands digit of 4425?
4
What is the hundreds digit of 1423?
4
What is the hundreds digit of 26275?
2
What is the units digit of 98260?
0
What is the hundreds digit of 5125?
1
What is the tens digit of 3753?
5
What is the thousands digit of 20197?
0
What is the tens digit of 25547?
4
What is the hundreds digit of 33732?
7
What is the thousands digit of 53439?
3
What is the tens digit of 303?
0
What is the units digit of 1271?
1
What is the hundreds digit of 3580?
5
What is the tens digit of 438?
3
What is the units digit of 45481?
1
What is the hundreds digit of 2976?
9
What is the units digit of 1159?
9
What is the units digit of 3730?
0
What is the hundreds digit of 3268?
2
What is the hundreds digit of 23950?
9
What is the tens digit of 876?
7
What is the tens digit of 2295?
9
What is the hundreds digit of 8118?
1
What is the units digit of 1343?
3
What is the tens digit of 15837?
3
What is the ten thousands digit of 50244?
5
What is the tens digit of 16131?
3
What is the units digit of 4306?
6
What is the units digit of 7506?
6
What is the thousands digit of 18404?
8
What is the hundreds digit of 7861?
8
What is the tens digit of 11155?
5
What is the hundreds digit of 18181?
1
What is the hundreds digit of 19316?
3
What is the tens digit of 3630?
3
What is the tens digit of 4368?
6
What is the hundreds digit of 673?
6
What is the thousands digit of 45913?
5
What is the units digit of 2731?
1
What is the tens digit of 18760?
6
What is the hundreds digit of 840?
8
What is the units digit of 4170?
0
What is the thousands digit of 12116?
2
What is the units digit of 2212?
2
What is the hundreds digit of 8695?
6
What is the thousands digit of 1164?
1
What is the thousands digit of 47075?
7
What is the hundreds digit of 4256?
2
Wha